{"id":534,"date":"2024-05-14T11:52:05","date_gmt":"2024-05-14T09:52:05","guid":{"rendered":"https:\/\/boutique.boucheriemulon.com\/index.php\/produit\/langue-de-boeuf-sauce-piquante-200-g\/"},"modified":"2026-02-12T16:05:01","modified_gmt":"2026-02-12T15:05:01","slug":"langue-de-boeuf-sauce-piquante-200-g","status":"publish","type":"product","link":"https:\/\/boutique.boucheriemulon.com\/index.php\/produit\/langue-de-boeuf-sauce-piquante-200-g\/","title":{"rendered":"Langue de boeuf sauce piquante  200 g"},"content":{"rendered":"<p>Allerg\u00e8nes : C\u00e9r\u00e9ales contenant du gluten, Lait, Moutarde <\/p>\n","protected":false},"excerpt":{"rendered":"<p>33,90 \u20ac \/ kg &#8211; Langue de b\u0153uf sauce piquante 200 g &#8211; <\/p>\n","protected":false},"featured_media":849,"template":"","meta":[],"product_brand":[],"product_cat":[68,63],"product_tag":[],"class_list":{"0":"post-534","1":"product","2":"type-product","3":"status-publish","4":"has-post-thumbnail","6":"product_cat-coeur-de-repas","7":"product_cat-repas","9":"first","10":"instock","11":"taxable","12":"shipping-taxable","13":"purchasable","14":"product-type-simple"},"_links":{"self":[{"href":"https:\/\/boutique.boucheriemulon.com\/index.php\/wp-json\/wp\/v2\/product\/534","targetHints":{"allow":["GET"]}}],"collection":[{"href":"https:\/\/boutique.boucheriemulon.com\/index.php\/wp-json\/wp\/v2\/product"}],"about":[{"href":"https:\/\/boutique.boucheriemulon.com\/index.php\/wp-json\/wp\/v2\/types\/product"}],"wp:featuredmedia":[{"embeddable":true,"href":"https:\/\/boutique.boucheriemulon.com\/index.php\/wp-json\/wp\/v2\/media\/849"}],"wp:attachment":[{"href":"https:\/\/boutique.boucheriemulon.com\/index.php\/wp-json\/wp\/v2\/media?parent=534"}],"wp:term":[{"taxonomy":"product_brand","embeddable":true,"href":"https:\/\/boutique.boucheriemulon.com\/index.php\/wp-json\/wp\/v2\/product_brand?post=534"},{"taxonomy":"product_cat","embeddable":true,"href":"https:\/\/boutique.boucheriemulon.com\/index.php\/wp-json\/wp\/v2\/product_cat?post=534"},{"taxonomy":"product_tag","embeddable":true,"href":"https:\/\/boutique.boucheriemulon.com\/index.php\/wp-json\/wp\/v2\/product_tag?post=534"}],"curies":[{"name":"wp","href":"https:\/\/api.w.org\/{rel}","templated":true}]}}