{"id":566,"date":"2024-05-14T11:56:29","date_gmt":"2024-05-14T09:56:29","guid":{"rendered":"https:\/\/boutique.boucheriemulon.com\/index.php\/produit\/salade-neptune-200-g\/"},"modified":"2025-03-18T10:46:50","modified_gmt":"2025-03-18T09:46:50","slug":"salade-neptune-200-g","status":"publish","type":"product","link":"https:\/\/boutique.boucheriemulon.com\/index.php\/produit\/salade-neptune-200-g\/","title":{"rendered":"Salade Neptune 200 g"},"content":{"rendered":"<p>pour 2 personnes \u2013 Allerg\u00e8nes : \u0152ufs, Poissons, C\u00e9r\u00e9ales contenant du gluten, Lait, Moutarde, Anhydride sulfureux et sulfites en concentration de plus 10 mg\/kg ou 10 mg\/l<\/p>\n","protected":false},"excerpt":{"rendered":"<p>27,80 \u20ac \/ kg &#8211; Salade \u00e0 base de surimi chair de poisson, concombres, carottes et poivrons 200 g  &#8211; <\/p>\n","protected":false},"featured_media":828,"template":"","meta":[],"product_brand":[],"product_cat":[65,63],"product_tag":[],"class_list":{"0":"post-566","1":"product","2":"type-product","3":"status-publish","4":"has-post-thumbnail","6":"product_cat-entrees-froides","7":"product_cat-repas","9":"first","10":"instock","11":"taxable","12":"shipping-taxable","13":"purchasable","14":"product-type-simple"},"_links":{"self":[{"href":"https:\/\/boutique.boucheriemulon.com\/index.php\/wp-json\/wp\/v2\/product\/566","targetHints":{"allow":["GET"]}}],"collection":[{"href":"https:\/\/boutique.boucheriemulon.com\/index.php\/wp-json\/wp\/v2\/product"}],"about":[{"href":"https:\/\/boutique.boucheriemulon.com\/index.php\/wp-json\/wp\/v2\/types\/product"}],"wp:featuredmedia":[{"embeddable":true,"href":"https:\/\/boutique.boucheriemulon.com\/index.php\/wp-json\/wp\/v2\/media\/828"}],"wp:attachment":[{"href":"https:\/\/boutique.boucheriemulon.com\/index.php\/wp-json\/wp\/v2\/media?parent=566"}],"wp:term":[{"taxonomy":"product_brand","embeddable":true,"href":"https:\/\/boutique.boucheriemulon.com\/index.php\/wp-json\/wp\/v2\/product_brand?post=566"},{"taxonomy":"product_cat","embeddable":true,"href":"https:\/\/boutique.boucheriemulon.com\/index.php\/wp-json\/wp\/v2\/product_cat?post=566"},{"taxonomy":"product_tag","embeddable":true,"href":"https:\/\/boutique.boucheriemulon.com\/index.php\/wp-json\/wp\/v2\/product_tag?post=566"}],"curies":[{"name":"wp","href":"https:\/\/api.w.org\/{rel}","templated":true}]}}